9
(-13 - (0 + -1)) + -5680 + 5687
-5
What is (3 - (-18 + 5)) + (-8 + -6 - -3)?
5
What is (-3 + -23 - (3 - 14)) + 24 + -97?
-88
Evaluate -42 - (-96 + 6 + 16).
32
What is the value of -19 + (174 + -158 - (-2 + 24))?
-25
What is the value of 21 + (2 - (-8 + (-1 - -6)))?
26
Calculate -41 + 2 + 80 - -25.
66
Evaluate -2 + 3 + -6 - -9 - (-1 - 29).
34
Calculate -32 + 12 + (13 - 19) + 1 + 14.
-11
What is -12 + (-6 - 7) + 27 + (-31 - -19)?
-10
Evaluate (-2 - 2 - 22) + (-285 - -291).
-20
Evaluate -22 - 58 - (-10 + -3 - -5).
-72
(6 - (12 - ((14 - 17) + 6))) + 14
11
Calculate -2459 + 2417 + (51 - -1) + 59.
69
Evaluate -19 + 15 + (-21 - -13) - -6.
-6
Evaluate -176 + 7 - (553 + -649).
-73
Calculate -1 + -118 + (1 - 8) + 2 + (-3451 - -3465).
-110
Evaluate -9 + (13 - 0 - (30 - 7)) + 10.
-9
What is (18 - (24 + 14) - -29) + 36?
45
What is 40 + -21 - (3 - (3 + -7))?
12
What is -47 + -72 + 49 + -30?
-100
(-53 - -143 - (38 + -5) - -21) + -8 + -1
69
Evaluate 271 + -251 - (1 + 23) - -24.
20
Calculate 18 + (72 - 33) + -21 - (1 - 0).
35
Evaluate -127 + 1 - (17 - 72 - -17 - -29).
-117
Calculate 70 - 173 - -95 - (-55 + -4).
51
Evaluate 8 + -8 + 38 + -37 + 50 + 4.
55
Calculate (-6 - -10) + -1 + (-42 - (-1 + 5)).
-43
Evaluate 68 + -22 - 41 - (-11 + 0 + -1).
17
Calculate (0 - -17) + -6 - -4 - (-5 + -2).
22
Evaluate 3 + (3 - (166 + -28) - -10).
-122
Calculate 4 + -1 + -2 + 21 - (-20 + 1 + 16).
25
What is 136 - (110 + -6 + 78)?
-46
What is -44 + 78 + (75 - 114)?
-5
Evaluate (-83 - -49 - -27) + (4 - 4).
-7
What is 222 + -212 + 2 + -6 + -67 + -3?
-64
What is the value of 102 - (-90 - -244 - 96)?
44
(-1014 - -894) + (9 - (0 + -1 - (-1 - -3)))
-108
What is -118 + -19 + 70 - -48?
-19
Calculate ((20 - -7) + 11 + 7 - -15 - 14) + 6.
52
(134 - -1) + 800 + -909
26
What is the value of -30 + (-3 - -22) - (-4 - -5)?
-12
-10 - (9 + 1 + 41 + -38) - -4
-19
What is the value of 27 + -6 + (-4 - (0 + 1 + -6 - 0))?
22
Calculate -5 - (49 - 52) - (4 + 3 + -35).
26
(0 - 5 - 5) + (-19 - -14)
-15
Calculate 4 + (9 - 8) - (-19 - (21 + -22)).
23
-56 + -2 + -591 + 704
55
Calculate -8 - (-4 - (5 + -10) - (-145 + 112)).
-42
What is (-3665 - -3754) + -38 + 2?
53
What is the value of 31 - ((-2 - 1) + -7 + 6 + 7) - 7?
21
What is the value of 10 - ((15 - 46) + 134)?
-93
What is -4 - 4 - -6 - (-18 + 39 + -16)?
-7
What is the value of 1 + -3 - (-35 + -1 - (-11 - 0 - -12))?
35
Calculate 8 - (-1 - -9 - 15 - (15 + 34)).
64
What is the value of -114 + -72 - -113 - -155?
82
What is (-11 - (-3 - 7)) + 280 + -390?
-111
Evaluate 0 - 14 - (1 + -5 - (94 + -120)).
-36
Calculate -57 + 73 + 31 - 115.
-68
What is (1 - (7 + -3)) + (17 - (-12 + 32) - -8)?
2
Calculate 0 + -52 - (-8045 - -8061).
-68
Calculate (-37 + 87 - 54) + -69.
-73
What is the value of 9 + (-33 - -8 - -14) - (44 + -5)?
-41
What is the value of 1 + -52 + 8 + -1 + 12?
-32
Evaluate (-11 - -12 - 12) + 28 + -1 + -62.
-46
What is the value of -3 - (-9 + (7 - 11)) - (87 - -33)?
-110
What is the value of (-1 - -16) + (-14 - -18) + 19 + -50?
-12
What is -11 - ((24 + -19 - 71) + 12 + (-5 - -6))?
42
Evaluate (-10 - (-35 + 36)) + (1 - 0).
-10
Calculate 5 + -20 + 2 - (27 + -2 + -60).
22
-4 + (1 - -2) + 9 + (-82 - (-29 - -4))
-49
What is the value of 4 - 10 - (22 - (11 + -14))?
-31
(-105 + 25 - -44) + -34
-70
(-18 - (-9 - 5)) + -7 + -1 + 2 - -67
57
Evaluate 13 + -6 - (30 + -18) - -12.
7
-12 - 1 - (13 + (6 - 35))
3
(2 - -30 - (-220 - -234)) + -33
-15
What is the value of 2 - (-55 + -2) - 130?
-71
What is (27 - 6) + -23 + (-5 - -9) + 76?
78
(3 - (3 + -2)) + (3 - 2) - (-15 - -50)
-32
20 + (1 + -15 - 2) + (102 - 95)
11
What is 3 - (6 - ((17 - 29) + 9))?
-6
Calculate 8 + -7 + -17 - (4 - (22 + 9)).
11
What is (37 - 0) + (-45 - -103 - 75)?
20
37 + -26 - (3 + 18 + -94)
84
Calculate 12 + (0 - (29 - 45)).
28
Calculate -56 - (-10 - (49 - 33)) - (-1 + -15).
-14
What is the value of -48 - (41 - 53 - 65)?
29
What is the value of (18 + -5 + 1 + 11 - -1) + 37 + -48?
15
What is the value of -286 + 236 - (-50 - 3)?
3
What is -13 - ((-35 - -2) + 11 + (3 - 9) + 4)?
11
-10 - (17 + -3 + 7 - 67)
36
What is the value of (792 - 875) + 95 + 0?
12
-74 + 9 + -70 + 100
-35
What is -114 - (38 - 126) - 23?
-49
Evaluate 103 - (-8 - (-20 + (12 - -11)) - (-20 - 2)).
92
-13 - (37 + (7 - 26))
-31
-10 + (8 - 8) + 3 + (18 - 37)
-26
Evaluate 12 + 41 + 3 + (1 - -5 - (-28 - -23)).
67
What is the value of 21 + (-19 + -33 - -53) + -1 + 13?
34
Evaluate 6 + 1 + (-1 - -5) + (-21 - 5).
-15
Evaluate -6 - (16 + -16) - -4 - -15.
13
Evaluate 70 - (17 - (-273 + 155)).
-65
What is the value of -12 + (-8 - -15) + (4 + -2 - 4)?
-7
Calculate (4 - 50 - (-87 - -103)) + -11 + -1.
-74
What is the value of -91 + 131 + -130 - 0?
-90
25 + -29 + 11 + -14 + -3
-10
What is the value of -7 + 4 + 93 + 7 + 0 + -8?
89
Evaluate 11 - (-72 - -10) - (-9 - -11).
71
19 + (-162 + 92 - ((8 - 17) + 4))
-46
What is -3 + (-23 - -28) + -14 - (88 - (-1 + -2))?
-103
What is the value of 3 + 3 + 13 + (8 + -25 - -57)?
59
Evaluate (-4 - (14 - 17)) + -16 + 78.
61
Calculate 14 + (88 - (112 + 11)).
-21
What is -70 + 72 + (9 - 25)?
-14
-107 - (-53 + -32) - (-3 + 14)
-33
What is (-1714 - -1668) + 46 + -2?
-2
What is the value of -21 - (23 - (-18 - (-4 + -17)))?
-41
-113 + 11 + 27 + 5 - (4 - -1)
-75
-6 - 1 - (-66 + 61 + -42)
40
Evaluate -112 + 143 - (11 - -63).
-43
What is 4 + (33 - 31 - 6) + -24?
-24
Calculate (81 - (73 + 19)) + 140.
129
Evaluate (-19 + -1 - -25) + 5 + -28.
-18
What is 160 - (123 - 5) - 28?
14
Evaluate (19 - (-3 - -29)) + (56 + (2 - 5) - -5).
51
(-6 - -7) + -8 + 2 + -16 + -13 + 33
-1
Evaluate (19 + -15 - 0) + -2 + -1 + 6.
7
What is the value of (62 - 1) + -685 + 640?
16
What is the value of -7 - (-78 + (-76 - -134))?
13
Evaluate (2 + -1 + -3 - -15) + (8899 - 8910).
2
What is (-6 + 9 - (-20 - -12 - -13)) + 29?
27
Calculate (-10 - 0) + -3 + 1 - (-5617 + 5583).
22
What is the value of (-34 - -26) + 50 - 24 - -57?
75
-6 + (1 - -2 - (-81 + 99)) + 7
-14
Calculate (-9 - -1) + (23 - (13 - -8)) + 25 + -3.
16
What is the value of 0 - 69 - (-250 - (221 - 478))?
-76
Evaluate -45 + -4 - (504 - 513).
-40
Evaluate (-7 - (22 + -5)) + (-15 - -31) - 113.
-121
Calculate 1 - -27 - (3 + 15 + (22 - 24) - 15).
27
What is the value of -16 + (1 - 18) + 15 - -15 - -12?
9
Calculate -3 - (-7 + (-9 - -13 - 2)) - (-1 - -54).
-51
Calculate (25 - -4) + -76 + 39.
-8
2 + (47 - (-1 - 0)) - (-121 - (-173 + 52))
50
What is -36 - ((-331 - -359 - (12 - 0)) + -1)?
-51
What is the value of 6 + 0 + -1246 + 1283 - (1 + -4)?
46
Calculate (2 - (-33 + 2)) + 2 + (-186 - -174).
23
Evaluate -6 + (-25 - (-58 - (20 + -1))) - (10 - -1).
35
40 + -60 - (-16 + 17 + -74)
53
What is the value of -1 - 3 - 41 - (8 + -7 + (0 - -7))?
-53
-48 + 124 + (-93 - -35)
18
Evaluate (-20 - (14 + -37)) + (8 + -2 - (67 + 44)).
-102
What is the value of 212 + -130 + -9 + -63?
10
(11 - (-1 + (0 - 0))) + 10 + 8
30
What is the value of -62 + (53 - 22) + 46 + -3?
12
Calculate 38 + (-45 + 6 - -55).
54
What is the value of (93 - 97) + 3 + 37?
36
Evaluate 16 - (3 + -26 - -22) - (0 - -9).
8
-2 - 6 - -57 - 49
0
-1 - (0 + -48) - ((3 - 3) + (-58 - -62))
43
Evaluate 45 - (-15 - (-33 + -14)).
13
(9 + -37 - 3) + (4 - 9) + -10 + 17
-29
110 + -104 + (-33 - 2) + -6 + -10
-45
Evaluate (-44 + 18 - -24) + (5 - (-2 + 16 - -3)).
-14
What is 25 + 4 + 11 + -36 + 6 + 32?
42
Calculate (20 - 5) + (0 - 33 - (38 + -77 - -31)).
-10
-107 + -2 + (-21 - -54 - (33 + 0))
-109
1 + -10 + 3 + (-132 - -74 - -27)
-37
Evaluate 25 - (-11 + -2 + -9 + (13 - 1)).
35
Evaluate (0 - 1) + -8 + (14 - 13) - (-400 - -399).
-7
What is -17 + (7 - -6 - 6) + (15 - 11)?
-6
What is the value of (-28 - -4) + (6 - (24 - 17))?
-25
Evaluate (-6 - -12) + -8 - (-10 + 0) - (134 - 24).
-102
27 + -1 + -1 + 17 + (-149 - -148)
41
What is the value of (-78 - -37) + (71 - 103)?
-73
What is -596 - -664 - (14 - -129)?
-75
What is (58 - (25 - 13)) + (1 + -5 - (-22 - -18))?
46
What is the value of -92 + 106 + (11 + -4 + -8 - -15)?
28
What is -459 - -506 - (0 - -4) - (1 + (0 - -1))?
41
35 + (49 - (8 - -41))
35
What is the value of (30 - (-6 - -35)) + (1 - 1) + (29 - 21)?
9
Evaluate 5 + -16 - 1 - (19 + (8 + -4 - 12)).
-23
What is the value of -483 + 462 + (-2 - -1 - -14)?
-8
-11 - (121 - 102 - (23 - -3))
-4
Evaluate -5 - (-53 + 84 + -32).
-4
Calculate -49 + 153 + -48 + -88.
-32
Calculate 